{"id":785,"date":"2020-07-20T10:17:25","date_gmt":"2020-07-20T09:17:25","guid":{"rendered":"https:\/\/fightart.ch\/?page_id=785"},"modified":"2026-01-05T17:13:20","modified_gmt":"2026-01-05T16:13:20","slug":"geschichte","status":"publish","type":"page","link":"https:\/\/fightart.ch\/?page_id=785","title":{"rendered":"Geschichte"},"content":{"rendered":"\t\t<div data-elementor-type=\"wp-page\" data-elementor-id=\"785\" class=\"elementor elementor-785\">\n\t\t\t\t\t\t<section class=\"elementor-section elementor-top-section elementor-element elementor-element-79c4ffc elementor-section-boxed elementor-section-height-default elementor-section-height-default\" data-id=\"79c4ffc\" data-element_type=\"section\">\n\t\t\t\t\t\t<div class=\"elementor-container elementor-column-gap-default\">\n\t\t\t\t\t<div class=\"elementor-column elementor-col-100 elementor-top-column elementor-element elementor-element-bdfd6c1\" data-id=\"bdfd6c1\" data-element_type=\"column\">\n\t\t\t<div class=\"elementor-widget-wrap elementor-element-populated\">\n\t\t\t\t\t\t<div class=\"elementor-element elementor-element-5d25bdc elementor-widget elementor-widget-text-editor\" data-id=\"5d25bdc\" data-element_type=\"widget\" data-widget_type=\"text-editor.default\">\n\t\t\t\t<div class=\"elementor-widget-container\">\n\t\t\t\t\t\t\t\t\t<p><span style=\"color: #000000;\"><a style=\"color: #000000;\" href=\"http:\/\/Fightart.ch\/wp-content\/uploads\/2015\/09\/1LwMWBF.jpg\" rel=\"attachment wp-att-322\"><img fetchpriority=\"high\" decoding=\"async\" src=\"http:\/\/fightart.ch\/wp-content\/uploads\/2015\/09\/1LwMWBF-300x225.jpg\" alt=\"1LwMWBF\" width=\"300\" height=\"225\" \/><\/a><br \/><\/span><\/p><h2><span style=\"color: #800000;\">\u00a0<\/span><\/h2><h2 data-start=\"311\" data-end=\"369\"><span style=\"color: #ff0000;\">Die historisch wahrscheinliche Entstehung von Wing Chun<\/span><\/h2><p data-start=\"266\" data-end=\"638\"><span style=\"color: #ffffff;\">Wing Chun Kung Fu ist ein s\u00fcdchinesisches Kampfsystem, das sich sehr wahrscheinlich im <strong data-start=\"353\" data-end=\"405\">18. bis 19. Jahrhundert in der Provinz Guangdong<\/strong> entwickelte. Historische Hinweise sprechen daf\u00fcr, dass Wing Chun <strong data-start=\"471\" data-end=\"515\">kein uraltes Shaolin- oder Klostersystem<\/strong> ist, sondern aus einem <strong data-start=\"539\" data-end=\"566\">zivilen, urbanen Umfeld<\/strong> stammt, in dem effektive Selbstverteidigung auf engem Raum gefragt war.<\/span><\/p><p data-start=\"640\" data-end=\"1067\"><span style=\"color: #ffffff;\">Die technischen Merkmale von Wing Chun \u2013 kurze Distanzen, direkte Bewegungen, Orientierung an der K\u00f6rpermittellinie und strukturelle Kraftnutzung \u2013 passen zu realen Alltagskonflikten in Handelsst\u00e4dten und Hafenregionen S\u00fcdchinas. Die fr\u00fcheste eindeutig belegbare Person in der Geschichte des Systems ist <strong data-start=\"944\" data-end=\"969\">Leung Jan (1826\u20131901)<\/strong> aus Foshan. Ab dieser Zeit l\u00e4sst sich die Weitergabe von Wing Chun nachvollziehbar dokumentieren.<\/span><\/p><p data-start=\"1069\" data-end=\"1390\"><span style=\"color: #ffffff;\">Die weltweite Verbreitung begann im 20. Jahrhundert durch <strong data-start=\"1127\" data-end=\"1137\">Ip Man<\/strong>, der Wing Chun in Hongkong \u00f6ffentlich unterrichtete. Viele der heute bekannten Gr\u00fcndungslegenden erf\u00fcllen vor allem eine symbolische Funktion, w\u00e4hrend die historische Forschung auf einen <strong data-start=\"1325\" data-end=\"1368\">pragmatischen und funktionalen Ursprung<\/strong> des Systems hinweist.<\/span><\/p><h2 data-start=\"1397\" data-end=\"1439\"><span style=\"color: #ff0000;\">FAQ \u2013 Mythos und historische Einordnung<\/span><\/h2><p data-start=\"1441\" data-end=\"1633\"><span style=\"color: #ffffff;\"><strong data-start=\"1441\" data-end=\"1479\">Ist Wing Chun ein Shaolin-Kung-Fu?<\/strong><\/span><br data-start=\"1479\" data-end=\"1482\" \/><span style=\"color: #ffffff;\">Nein. F\u00fcr einen direkten Ursprung im Shaolin-Kloster gibt es keine belastbaren historischen Belege. Diese Zuordnung gilt heute \u00fcberwiegend als Legende.<\/span><\/p><p data-start=\"1635\" data-end=\"1823\"><span style=\"color: #ffffff;\"><strong data-start=\"1635\" data-end=\"1679\">Wurde Wing Chun von einer Frau erfunden?<\/strong><\/span><br data-start=\"1679\" data-end=\"1682\" \/><span style=\"color: #ffffff;\">Die Geschichte um Ng Mui und Yim Wing Chun ist kulturell bedeutsam, aber historisch nicht belegbar. Sie wird als Gr\u00fcndungsmythos eingeordnet.<\/span><\/p><p data-start=\"1825\" data-end=\"2012\"><span style=\"color: #ffffff;\"><strong data-start=\"1825\" data-end=\"1860\">Wie alt ist Wing Chun wirklich?<\/strong><\/span><br data-start=\"1860\" data-end=\"1863\" \/><span style=\"color: #ffffff;\">Nach aktuellem Forschungsstand entstand Wing Chun wahrscheinlich im 18. oder 19. Jahrhundert und ist damit j\u00fcnger als viele klassische Kung-Fu-Stile.<\/span><\/p><p data-start=\"2014\" data-end=\"2155\"><span style=\"color: #ffffff;\"><strong data-start=\"2014\" data-end=\"2058\">Wo ist Wing Chun nachweisbar entstanden?<\/strong><\/span><br data-start=\"2058\" data-end=\"2061\" \/><span style=\"color: #ffffff;\">Die fr\u00fchesten belegbaren Hinweise stammen aus <strong data-start=\"2107\" data-end=\"2142\">Foshan und der Region Guangdong<\/strong> in S\u00fcdchina.<\/span><\/p><p data-start=\"2157\" data-end=\"2401\"><span style=\"color: #ffffff;\"><strong data-start=\"2157\" data-end=\"2222\">Warum unterscheidet sich Wing Chun von vielen anderen Stilen?<\/strong><\/span><br data-start=\"2222\" data-end=\"2225\" \/><span style=\"color: #ffffff;\">Wing Chun wurde offensichtlich f\u00fcr kurze Distanzen und reale Selbstverteidigung entwickelt, nicht f\u00fcr milit\u00e4rische Zwecke, sportliche Wettk\u00e4mpfe oder akrobatische Vorf\u00fchrungen.<\/span><\/p><p data-start=\"2403\" data-end=\"2627\"><span style=\"color: #ffffff;\"><strong data-start=\"2403\" data-end=\"2466\">Ist Wing Chun seit seiner Entstehung unver\u00e4ndert geblieben?<\/strong><\/span><br data-start=\"2466\" data-end=\"2469\" \/><span style=\"color: #ffffff;\">Nein. Wie alle lebendigen Kampfsysteme hat sich Wing Chun \u00fcber Generationen weiterentwickelt und existiert heute in verschiedenen Linien und Interpretationen.<\/span><\/p><p><span style=\"color: #999999;\"><span style=\"color: #ff0000;\">\u00a0<\/span><\/span><\/p>\t\t\t\t\t\t\t\t<\/div>\n\t\t\t\t<\/div>\n\t\t\t\t\t<\/div>\n\t\t<\/div>\n\t\t\t\t\t<\/div>\n\t\t<\/section>\n\t\t\t\t<\/div>\n\t\t","protected":false},"excerpt":{"rendered":"<p>\u00a0 Die historisch wahrscheinliche Entstehung von Wing Chun Wing Chun Kung Fu ist ein s\u00fcdchinesisches Kampfsystem, das sich sehr wahrscheinlich im 18. bis 19. Jahrhundert in der Provinz Guangdong entwickelte. Historische Hinweise sprechen daf\u00fcr, dass Wing Chun kein uraltes Shaolin- oder Klostersystem ist, sondern aus einem zivilen, urbanen Umfeld stammt, in dem effektive Selbstverteidigung auf [&hellip;]<\/p>\n","protected":false},"author":1,"featured_media":0,"parent":0,"menu_order":0,"comment_status":"closed","ping_status":"closed","template":"","meta":{"footnotes":""},"class_list":["post-785","page","type-page","status-publish","hentry"],"_links":{"self":[{"href":"https:\/\/fightart.ch\/index.php?rest_route=\/wp\/v2\/pages\/785","targetHints":{"allow":["GET"]}}],"collection":[{"href":"https:\/\/fightart.ch\/index.php?rest_route=\/wp\/v2\/pages"}],"about":[{"href":"https:\/\/fightart.ch\/index.php?rest_route=\/wp\/v2\/types\/page"}],"author":[{"embeddable":true,"href":"https:\/\/fightart.ch\/index.php?rest_route=\/wp\/v2\/users\/1"}],"replies":[{"embeddable":true,"href":"https:\/\/fightart.ch\/index.php?rest_route=%2Fwp%2Fv2%2Fcomments&post=785"}],"version-history":[{"count":26,"href":"https:\/\/fightart.ch\/index.php?rest_route=\/wp\/v2\/pages\/785\/revisions"}],"predecessor-version":[{"id":950,"href":"https:\/\/fightart.ch\/index.php?rest_route=\/wp\/v2\/pages\/785\/revisions\/950"}],"wp:attachment":[{"href":"https:\/\/fightart.ch\/index.php?rest_route=%2Fwp%2Fv2%2Fmedia&parent=785"}],"curies":[{"name":"wp","href":"https:\/\/api.w.org\/{rel}","templated":true}]}}